hen (-1)/(-5)*2 + (-729)/c is divided by 27?
22
Let y = -149 - -149. Suppose 2*z - 4*i - 436 = y, -17*i + 21*i = 4*z - 892. Calculate the remainder when z is divided by 59.
51
Let c(w) = 2*w**2 + 71*w + 1993. Calculate the remainder when c(-37) is divided by 5.
4
Let h(q) = 3*q**2 - 35*q - 23. What is the remainder when h(14) is divided by (-4)/22 + (-1332)/(-66)?
15
Suppose 2*y = 4*y - 12. Let t(o) = -o**2 + o + 90. Let h be t(-12). Let n = -56 - h. What is the remainder when n is divided by y?
4
Suppose -2*h + 2*l + 44 = 0, 1975*h - 5*l = 1977*h - 65. What is the remainder when 462 is divided by h?
12
Suppose -2*t + 3 + 3 = 0. Suppose t*y - 8 = -4*h, 4*y + 3*h = 6*h + 44. Let v = 12 - -25. What is the remainder when v is divided by y?
5
Suppose 0*l + 2*l = 0. Suppose -5*m + l*j + 4*j + 110 = 0, -4*m = -j - 77. Suppose 0 = m*u - 12*u - 216. What is the remainder when u is divided by 14?
8
Let m = 23 + -23. Suppose m = -2*y + 15 - 49. Calculate the remainder when 4 is divided by 1/1 - (15 + y).
1
Let k = -5263 - -5314. What is the remainder when 0 + 359 - (1 - -2) is divided by k?
50
Let g(v) = -4*v + 2. Let r be g(-1). Let c(h) = -h**2 + 8*h - 2. Calculate the remainder when 28 is divided by c(r).
8
Let z(v) be the second derivative of 25*v**3/3 + 5*v**2/2 + 107*v. What is the remainder when z(3) is divided by 40?
35
Let o(q) = 16*q**2 + 11*q + 67. Let y be o(-4). Suppose 32*i - y = 23*i. What is the remainder when 2/(3*2/555) is divided by i?
30
Let l(x) = -x**3 + 3*x + 2. Let v be l(-2). Suppose -3*a - 2*k - 2 = a, v*a + k = 3. Calculate the remainder when (1/a)/(3/396) is divided by 34.
32
Let v(j) be the second derivative of -j**5/20 + j**4/3 + j**3 + j**2/2 - 206*j. Calculate the remainder when 128 is divided by v(5).
2
Let u(d) = d**3 + 3*d**2 - 4*d + 21. What is the remainder when u(-3) is divided by 2/1 + 2 - -14?
15
Let v(u) = -32*u - 185. Let t(m) = -m**3 + 2*m**2 + 6*m + 3. Calculate the remainder when t(-4) is divided by v(-6).
5
Suppose -35*y - 48*y + 20567 + 22842 = 0. Calculate the remainder when y is divided by 520.
3
Let c(v) = 6*v**3 + 33*v**2 - 14*v + 38. Let n(i) = i**3 - 7*i**2 + 9*i - 5. Calculate the remainder when c(-6) is divided by n(6).
1
Suppose -9171 - 2157 = -321*k + 85*k. Let d = 194 + -18. What is the remainder when d is divided by k?
32
Calculate the remainder when 6/(-21) + (-1115)/(-7) is divided by (-10)/8 + -338*20/(-160).
36
Let p(g) = g**3 + 8*g**2 + 6*g - 3. Let f(t) = -t**2 + 83*t + 2011. What is the remainder when f(-19) is divided by p(-6)?
7
Suppose 0 = 596*v - 445*v - 22046. Calculate the remainder when 1212 is divided by v.
44
Let l(x) = 5*x**2 - 5*x + 2. Let w(v) = -1023*v + 10256. What is the remainder when l(5) is divided by w(10)?
24
Let m = -13 - 21. Let o = -22 - m. Calculate the remainder when 39 is divided by o.
3
Let u(s) = s**2 - 5*s - 7. Let t be u(8). Suppose 10*d - t*d = -322. Calculate the remainder when d is divided by 18.
10
Suppose 203*s = 205*s - 4, -170 = -4*h - s. Suppose b - 31 + 5 = 0. What is the remainder when h is divided by b?
16
Let n(l) = 3*l**2 - 47*l + 89. Let g be n(2). What is the remainder when 26/g - (-6)/21 is divided by 2?
0
Let j = 333 + -331. Suppose -j*b + 67 = x + 2, -x = -2*b + 75. What is the remainder when 43 is divided by b?
8
Let f = 9118 - 8845. What is the remainder when f is divided by 271?
2
Let z = -10 - 67. Let g = -75 - z. What is the remainder when (2 - (-137)/g) + 19/38 is divided by 12?
11
Suppose -5*h - 3*i + 354 = 0, 0 = 2*h - i - i - 148. Suppose -h = 5*n - 14*n. What is the remainder when 51 is divided by n?
3
Suppose 3*q + f - 391 = 0, 172*q - 171*q - 2*f = 114. What is the remainder when 777 is divided by q?
9
Suppose -460 = -4*q + 560. Let g = q + -128. What is the remainder when g is divided by -1*(4 + -5) - -42?
41
Suppose -4*v = 3*i - 259, v - 204*i - 51 = -202*i. Let z be (0 + 6)*(-11)/2. Let a = v + z. What is the remainder when 55 is divided by a?
27
Calculate the remainder when 165 is divided by ((-255)/45)/(-1 + (-4)/(-6)).
12
Let c be 816/56 + (-8)/14. Let i = c - -16. What is the remainder when i is divided by 18?
12
Let c = -442 + 568. Suppose 13*i = 14*i - 4*q - c, -q - 489 = -4*i. What is the remainder when i is divided by 41?
40
Suppose 55 = 10*k + 5. Suppose -4*c + 100 = -3*u + 466, 0 = u + k*c - 103. Calculate the remainder when u is divided by 24.
22
Let w(u) = -u**2 + u - 1. Let z be w(0). Let y(o) = 1 - o - 5*o - 50*o + 40*o. Calculate the remainder when y(z) is divided by 5.
2
Suppose -87 + 151 = 8*c. Suppose -3*z + 32 = -22. Suppose -c*o - z + 194 = 0. Calculate the remainder when o is divided by 5.
2
Suppose 2*x - 9 = 5. Suppose -40 = -x*u + 2. What is the remainder when u/(-4) - 133/(-2) is divided by 11?
10
Let n = 0 + -7. Let z = n + 11. Suppose -301 = -z*q + 35. What is the remainder when q is divided by 17?
16
Suppose 4*b = -4*i + 72, -i - 10*b + 14*b + 23 = 0. Let h(p) = -p**2 + 7*p - 7. Calculate the remainder when i is divided by h(5).
1
Let k(r) = -62*r - 749. Let z(d) = -15*d - 187. Let i(s) = 2*k(s) - 9*z(s). Calculate the remainder when i(-12) is divided by 27.
26
What is the remainder when 13001 - (-26)/(260/(-90)) is divided by 61?
60
Let w(x) = -82*x**2 - 1234*x - 9. Calculate the remainder when 2496 is divided by w(-15).
48
Let y(u) be the third derivative of -u**4/24 + u**3/3 - 16*u**2. Let j be y(-2). Suppose -j*v - 2*v = -42. What is the remainder when 19 is divided by v?
5
Suppose -24*w + 2024 + 12496 = 0. What is the remainder when w is divided by 161?
122
Let b(z) = -z**3 - 6*z**2 + 119*z - 32. What is the remainder when 312 is divided by b(8)?
0
Let u(w) = w**2 - 63*w + 476. Calculate the remainder when u(69) is divided by 21.
8
Suppose -166 = j - 250. Let m(r) = r**2 - r + 2. Let i be m(2). Let t(l) = 5*l + 3. Calculate the remainder when j is divided by t(i).
15
Let f be (-4)/2 - -6*1. Let w(x) = 6*x**2 - 15*x. Let g be w(6). Suppose 2*v = -5*p + 155, -g = -0*p - f*p - 2*v. What is the remainder when p is divided by 15?
14
Let x be 1*((-98)/7)/(-2). Suppose 0 = -x*f + 67 + 654. What is the remainder when f is divided by 15?
13
Let c = 21391 - 21307. What is the remainder when 836 is divided by c?
80
Let r = -145 + 182. Suppose 3*j - 2*h - 101 - 10 = 0, 0 = -j - 3*h + r. Calculate the remainder when j is divided by 17.
3
Let h = 81776 - 81523. Suppose 3*p + 344 = 7*p. What is the remainder when h is divided by p?
81
Suppose -49*j + 44*j + 5 = 0. Let u be (-94)/(-4)*(1 - (4 + j)). Let s = u + 104. What is the remainder when s is divided by 6?
4
Let o(a) = -25*a - 172. Suppose 4*i - 26 = 2*c, -i - 6 = 3*c + 12. Calculate the remainder when 28 is divided by o(c).
1
Let y(k) = -2*k**2 + 96*k - 254. What is the remainder when 128 is divided by y(45)?
0
Let f(x) = -270*x - 471. What is the remainder when 210 is divided by f(-2)?
3
Suppose -4*h - 14*t + 11*t = -130, -4*t - 8 = 0. What is the remainder when 643 is divided by h?
31
Let q be 30/(118/(-220) - 4/(-10)). Let y be 4/((5/(q/16))/(-22)). What is the remainder when 62 is divided by (y/(-55))/(0 + (-1)/5)?
18
Let s = -1 - 73. Let h = s - -88. Suppose -3*l + 1 = -h. Calculate the remainder when 14 is divided by l.
4
Suppose 3*w - 3*u - 22 = 188, -140 = -2*w + 4*u. Suppose -3*r + p + 81 = 0, p + 72 = -3*r + 147. Calculate the remainder when w is divided by r.
18
Let g = -140 + 276. Suppose -9*u + 11*u = g. What is the remainder when u is divided by (-2)/(-9) + 372/27?
12
Suppose 11*n + 226 = 930. Suppose 5*q + n = 21*q. What is the remainder when 197 is divided by q?
1
Let p be (1560/(-75))/(2/(-5)). Calculate the remainder when p - 1 - 112/28 is divided by 13.
8
Let w(f) = -8*f - 2. Let z(u) = 16*u + 3. Suppose 6*t + 8*t - 70 = 0. Let o(v) = t*w(v) + 2*z(v). What is the remainder when 140 is divided by o(-5)?
32
Suppose -8*n + 40 = -120. Suppose 0 = -3*j - 12, 12 = -2*h - 2*j - 0. Let w = n + h. What is the remainder when 49 is divided by w?
13
Let b = -383 - -543. Calculate the remainder when 3037 is divided by b.
157
Let u = 4167 - 4116. What is the remainder when 1068 is divided by u?
48
Let h(q) = -q + 3. Suppose 0 = y - 4*p - 6, 5*y - p = 2*p + 30. Let z be h(y). Let c(s) = -57*s - 20. Calculate the remainder when c(z) is divided by 